8.
2, 19, 67, 109
List the prime factors of 63431.
137, 463
What are the prime factors of 6501263?
6501263
List the prime factors of 277964.
2, 69491
What are the prime factors of 397264?
2, 7, 3547
What are the prime factors of 209447?
7, 29921
What are the prime factors of 6679225?
5, 7, 38167
What are the prime factors of 29253009?
3, 479, 20357
What are the prime factors of 849987?
3, 31481
List the prime factors of 439057.
359, 1223
What are the prime factors of 8626039?
197, 43787
What are the prime factors of 192085?
5, 41, 937
List the prime factors of 5823283.
73, 241, 331
What are the prime factors of 1495312?
2, 7, 13, 79
What are the prime factors of 455622?
2, 3, 75937
List the prime factors of 288169.
7, 5881
What are the prime factors of 4681?
31, 151
What are the prime factors of 1099813?
11, 13, 7691
What are the prime factors of 618480?
2, 3, 5, 859
What are the prime factors of 5168421?
3, 107, 1789
What are the prime factors of 2053493?
13, 137, 1153
What are the prime factors of 3370600?
2, 5, 19, 887
List the prime factors of 27934062.
2, 3, 13, 107, 3347
What are the prime factors of 319413?
3, 17, 6263
List the prime factors of 2797501.
7, 399643
List the prime factors of 826366.
2, 413183
List the prime factors of 359453.
113, 3181
List the prime factors of 487042.
2, 243521
List the prime factors of 80084.
2, 20021
What are the prime factors of 189425?
5, 7577
List the prime factors of 3725184.
2, 3, 89, 109
What are the prime factors of 1496001?
3, 13, 89, 431
List the prime factors of 1658235.
3, 5, 227, 487
List the prime factors of 20670867.
3, 7, 328109
List the prime factors of 100720.
2, 5, 1259
What are the prime factors of 1027188?
2, 3, 9511
What are the prime factors of 4917263?
13, 37, 10223
List the prime factors of 1231361.
17, 113, 641
What are the prime factors of 8707015?
5, 1117, 1559
List the prime factors of 205372.
2, 51343
What are the prime factors of 8058810?
2, 3, 5, 29, 59, 157
List the prime factors of 1340815.
5, 7, 29, 1321
What are the prime factors of 430384?
2, 37, 727
List the prime factors of 6986286.
2, 3, 17, 79
List the prime factors of 8290043.
8290043
List the prime factors of 25052794.
2, 13, 499, 1931
What are the prime factors of 11282260?
2, 5, 11, 51283
List the prime factors of 539437.
41, 59, 223
What are the prime factors of 26779539?
3, 17, 73, 7193
List the prime factors of 2922977.
47, 62191
What are the prime factors of 103151?
19, 61, 89
What are the prime factors of 179919?
3, 19991
List the prime factors of 119852.
2, 19, 83
What are the prime factors of 8373172?
2, 71, 29483
What are the prime factors of 12554674?
2, 11, 570667
What are the prime factors of 1213398?
2, 3, 67411
What are the prime factors of 3701191?
13, 284707
List the prime factors of 7357985.
5, 281, 5237
List the prime factors of 621308.
2, 155327
List the prime factors of 28901247.
3, 97, 99317
What are the prime factors of 1128702?
2, 3, 23, 8179
List the prime factors of 10115047.
1021, 9907
What are the prime factors of 74942?
2, 7, 53, 101
List the prime factors of 14990400.
2, 3, 5, 347
What are the prime factors of 80295?
3, 5, 53, 101
List the prime factors of 1010320.
2, 5, 73, 173
What are the prime factors of 13631161?
17, 801833
What are the prime factors of 20159755?
5, 7, 11, 52363
List the prime factors of 8287973.
2729, 3037
What are the prime factors of 373045?
5, 74609
What are the prime factors of 1630757?
29, 53, 1061
List the prime factors of 315374.
2, 137, 1151
What are the prime factors of 96152?
2, 7, 17, 101
What are the prime factors of 3082257?
3, 41, 8353
List the prime factors of 355792.
2, 37, 601
List the prime factors of 10006395.
3, 5, 7, 157, 607
What are the prime factors of 1821320?
2, 5, 45533
List the prime factors of 31012896.
2, 3, 17, 31, 613
What are the prime factors of 26329967?
1223, 21529
What are the prime factors of 6907842?
2, 3, 42641
List the prime factors of 2036442.
2, 3, 191, 1777
List the prime factors of 108415.
5, 21683
What are the prime factors of 1877297?
1877297
What are the prime factors of 7812298?
2, 13, 269, 1117
List the prime factors of 219616.
2, 6863
List the prime factors of 159853.
159853
What are the prime factors of 10842752?
2, 23, 29, 127
List the prime factors of 398382.
2, 3, 67, 991
What are the prime factors of 12044942?
2, 7, 13, 17, 229
What are the prime factors of 3294226?
2, 13, 17, 29, 257
What are the prime factors of 1234269?
3, 29, 4729
List the prime factors of 3891715.
5, 23, 43, 787
List the prime factors of 346369.
346369
List the prime factors of 227543.
139, 1637
List the prime factors of 2514120.
2, 3, 5, 7, 41, 73
List the prime factors of 12272503.
571, 21493
List the prime factors of 615141.
3, 22783
List the prime factors of 29576.
2, 3697
What are the prime factors of 25484519?
59, 61, 73, 97
List the prime factors of 92965.
5, 18593
What are the prime factors of 1837344?
2, 3, 19139
List the prime factors of 26528102.
2, 13264051
What are the prime factors of 9186854?
2, 4593427
What are the prime factors of 743258?
2, 47, 7907
List the prime factors of 49663.
49663
List the prime factors of 7067510.
2, 5, 706751
List the prime factors of 3184492.
2, 71, 11213
List the prime factors of 179867.
41, 107
What are the prime factors of 38084?
2, 9521
What are the prime factors of 28160903?
28160903
List the prime factors of 297520.
2, 5, 3719
What are the prime factors of 122551?
11, 13, 857
List the prime factors of 768374.
2, 384187
List the prime factors of 114787.
79, 1453
What are the prime factors of 2317567?
7, 331081
List the prime factors of 95271.
3, 11, 2887
List the prime factors of 4918492.
2, 19, 64717
List the prime factors of 878070.
2, 3, 5, 29269
List the prime factors of 1387911.
3, 7, 29, 43, 53
What are the prime factors of 60899?
60899
What are the prime factors of 34203126?
2, 3, 53, 59, 1823
What are the prime factors of 496811?
7, 10139
What are the prime factors of 2930252?
2, 13, 37, 1523
List the prime factors of 105415.
5, 29, 727
What are the prime factors of 610385?
5, 17, 43, 167
What are the prime factors of 38229782?
2, 223, 85717
List the prime factors of 321361.
97, 3313
List the prime factors of 71413.
71413
List the prime factors of 749421.
3, 83269
What are the prime factors of 129716?
2, 32429
List the prime factors of 12997839.
3, 4332613
List the prime factors of 500221.
29, 47, 367
What are the prime factors of 8921220?
2, 3, 5, 7, 11, 1931
List the prime factors of 29552316.
2, 3, 83, 29671
List the prime factors of 262186.
2, 337, 389
What are the prime factors of 126446?
2, 17, 3719
List the prime factors of 617615.
5, 101, 1223
List the prime factors of 38608932.
2, 3, 103, 31237
What are the prime factors of 348671?
348671
What are the prime factors of 15736?
2, 7, 281
What are the prime factors of 352821?
3, 7, 53, 317
What are the prime factors of 5732917?
5732917
What are the prime factors of 109691?
229, 479
List the prime factors of 2377998.
2, 3, 7, 233
What are the prime factors of 147549?
3, 137, 359
What are the prime factors of 83768?
2, 37, 283
List the prime factors of 4927832.
2, 7, 13, 967
List the prime factors of 11003882.
2, 5501941
List the prime factors of 3578721.
3, 17, 47, 1493
List the prime factors of 334863.
3, 29, 1283
What are the prime factors of 1931394?
2, 3, 373, 863
List the prime factors of 1235207.
41, 47, 641
List the prime factors of 1839443.
59, 31177
What are the prime factors of 8953929?
3, 401, 827
What are the prime factors of 3912297?
3, 877, 1487
What are the prime factors of 2768796?
2, 3, 31, 827
What are the prime factors of 153533?
153533
List the prime factors of 1496652.
2, 3, 124721
What are the prime factors of 38068349?
11, 641, 5399
What are the prime factors of 1153957?
7, 353, 467
List the prime factors of 1724081.
211, 8171
What are the prime factors of 3816421?
7, 545203
List the prime factors of 7449603.
3, 7, 354743
What are the prime factors of 2358908?
2, 241, 2447
List the prime factors of 1356707.
11, 29, 4253
What are the prime factors of 438271?
438271
List the prime factors of 469540.
2, 5, 17, 1381
What are the prime factors of 4205111?
109, 173, 223
List the prime factors of 77565